 p be x(m). Suppose -z - 54 = -5*n, 4*z + 6 = n - p. Calculate the greatest common factor of 77 and n.
11
Let f(d) = d - 1. Let g be f(3). Suppose 4*w = g*w + 6. Suppose 20 = -4*y, 4*j - 73 = 2*y - 15. Calculate the highest common divisor of j and w.
3
Suppose -35*n = -36*n + 12. Let x be (1*2)/((-4)/(-30)). Suppose -x*z + 462 = -n*z. What is the greatest common factor of z and 14?
14
Let x(y) = 2*y - 2. Let w be x(3). Suppose j + 462 = w*j. Let o be 2/(-5) - j/(-10). What is the greatest common factor of o and 30?
15
Let k(u) = -13*u - 6. Let g be k(-2). Let o = -6 + 16. Calculate the highest common divisor of g and o.
10
Suppose 75 = 5*f + w + 3*w, f + 5*w = -6. What is the highest common factor of f and 1957?
19
Let q(l) = -l**3 + 6*l**2 + 3*l - 9. Let m be q(6). Suppose -4*n - 483 = -107. Let h = -31 - n. Calculate the highest common divisor of h and m.
9
Suppose 4*y - 5*r - 705 = 0, -4*y = -2*r - 2*r - 708. Calculate the highest common factor of 45 and y.
45
Let s be (1 - 0 - 14)/(1/(-4)). Suppose -6*q - 3*q = -1404. What is the greatest common factor of q and s?
52
Let i be 50/(-30) + 533/39. What is the highest common divisor of 380 and i?
4
Let u be 14016/144 + 2/3. Calculate the greatest common factor of u and 294.
98
Suppose -2*u + 7 = 3. Suppose d - 25 = 6*d, u*k + 2*d = 50. What is the highest common divisor of k and 75?
15
Let u = -249 + 286. Calculate the greatest common factor of 851 and u.
37
Let h = 311 - 298. What is the highest common divisor of h and 4?
1
Let h = -60 - -46. Let l = h + 19. Calculate the highest common divisor of l and 35.
5
Let h = 51 + 399. What is the greatest common divisor of h and 270?
90
Let g be 5/4*(3 + 37). Suppose -4*y - y = -g. What is the highest common factor of y and 10?
10
Suppose -15*w + 10*w + 10 = 0. Suppose 3*f - 45 = -3*n, 3*n + 5 = w*n. What is the greatest common divisor of f and 20?
20
Suppose -3*g - 19 = -5*v, -11*g - 3*v = -9*g - 19. What is the greatest common factor of g and 7?
1
Suppose -7*i = -3*i - 3*a - 162, 0 = 4*i - 5*a - 158. Suppose 11 = 4*q + 3. Suppose -5*z - q*z + 735 = 0. What is the highest common factor of i and z?
21
Let o be 2 + -3 - 10*3/(-6). Calculate the greatest common factor of 292 and o.
4
Suppose -v + 17 = 5*g, 5*v - 10 = -2*g + 6. Suppose 6*j + v*o = 2*j + 486, 2*j - 2*o - 234 = 0. What is the highest common divisor of j and 15?
15
Let r(y) = 87*y - 848. Let l be r(10). What is the greatest common divisor of 363 and l?
11
Suppose 50 = 3*g + 215. Let r = g - -91. Calculate the greatest common factor of 4 and r.
4
Suppose -2*c - 55 = -3*u, -3*u + 114 = c + 47. What is the greatest common factor of u and 9?
3
Let i be ((-2460)/(-5))/6 - (-6)/(-3). Calculate the greatest common divisor of 460 and i.
20
Let n be 11/(-55) - (-3)/(45/183). Calculate the greatest common divisor of 768 and n.
12
Let f be (-2)/4*0 - -12. Suppose 3*x = -3*w + 678, -16*x + 7*w - 670 = -19*x. What is the greatest common divisor of f and x?
12
Let u = 212 - 199. Let o(v) = 52*v**3 + v - 1. Let f be o(1). Calculate the greatest common factor of u and f.
13
Let y(x) = 4*x**2 + 20*x + 13. Let s be y(-6). Calculate the greatest common factor of s and 1073.
37
Suppose 29 = 4*i + w - 4, -2*i - w + 17 = 0. Let r = -6 + i. Suppose r*j - 4*j + 174 = 4*c, 3*j = -9. What is the highest common factor of c and 18?
9
Let o be 576 + 1*(3 + (-1 - 2)). Suppose 4*m - i - o = 0, -i + 149 = m - 0*m. Calculate the highest common divisor of 58 and m.
29
Suppose -3*g = -0*g - 111. Let i = 387 + -250. Suppose 0 = 4*x + g - i. What is the greatest common divisor of x and 10?
5
Suppose 5*z - 358 = -2*d, -d + 5*d = 2*z - 148. Calculate the highest common factor of z and 90.
18
Let g be 858/(-18)*(5 + -8). What is the greatest common factor of g and 11?
11
Suppose -31 = -4*y + 5. Suppose -y = -i - 0. Let x(n) = 3*n**2 - 12*n + 36. Let m be x(6). Calculate the highest common divisor of i and m.
9
Let i(b) = -b**2 + 28*b + 60. Let t be i(24). What is the greatest common factor of 117 and t?
39
Let k(w) = w**3 + w**2 - 2*w + 2. Let u be k(-4). Let q be 12*6 - 9/(2 - -1). Let g = u + q. What is the highest common divisor of g and 248?
31
Suppose 0 = -2*m - u - 20 + 55, -2*u + 6 = 0. Calculate the highest common factor of m and 48.
16
Let u be 4 + 54/((-9)/3). Let x = u - -22. What is the highest common divisor of x and 56?
8
Let d = 2135 - 2117. What is the highest common divisor of d and 138?
6
Suppose 0 = f - 4*f - 45. Let m = f - -26. Let u = -13 + 24. Calculate the highest common divisor of m and u.
11
Suppose -s - 4*s + 80 = -4*y, 4*y + s = -56. Let n be (-10)/y + (-313)/(-3). What is the highest common factor of n and 21?
21
Let m be 170/(-30) + (-1)/3. Let q be 2/3*m/(-4). What is the highest common factor of 9 and q?
1
Let x(k) = k**2 + 10*k + 4. Let j be x(-16). Suppose 0 = 12*r + 16 - j. What is the greatest common divisor of 42 and r?
7
Suppose 3*i + 122 = 2*q, 72*q - 76*q + 2*i + 236 = 0. Calculate the greatest common factor of q and 10.
2
Let q(u) = -u + 9. Let j be q(7). Suppose 3*y - 23 = -5*i + j*y, 0 = -i + 2*y - 2. Calculate the highest common divisor of 2 and i.
2
Suppose -u = -8*p + 4*p - 78, -u + 3*p = -74. Suppose o = 2*a - u, -4*a + 0*a + 134 = 3*o. Let d = 150 - 22. What is the greatest common factor of a and d?
32
Suppose -2*q = -0*q - 6. Let f be -1 + q/(-1) + 0. Let g be ((-54)/15)/(f/10). Calculate the greatest common divisor of 54 and g.
9
Let d = 121 - 112. Let g be 109 + d*(-2)/(-6). What is the highest common divisor of 28 and g?
28
Let x = -352 - -601. Calculate the highest common factor of x and 83.
83
Let o(h) = -13*h - 1. Let y(j) = j**2 - 1. Let x be y(0). Let a be o(x). Let z = 5193 + -5085. What is the highest common divisor of z and a?
12
Let i(r) = -3*r**2 + 4*r - 8*r + 7*r**2. Let u be i(-4). Calculate the greatest common divisor of 16 and u.
16
Let l(j) = 11*j + 157. Let b be l(17). What is the highest common divisor of 8 and b?
8
Let f = -12 + 15. Suppose -f*t = -4*q - 44, 2*t - 6*t - 5*q + 69 = 0. Let u(l) = 7*l - 22. Let y be u(10). Calculate the highest common divisor of y and t.
16
Suppose -5*c + 29 + 91 = 0. Suppose 3 = -2*d + 2*t + 3*t, 5*d - c = 2*t. Calculate the greatest common factor of 102 and d.
6
Let y = 7 - 0. Let z(h) = -5*h**2 + h - 6. Let c(q) = -4*q**2 - 5. Let s(m) = -3*c(m) + 2*z(m). Let u be s(-6). Calculate the highest common divisor of y and u.
7
Let g be (12/2)/(-6 + 8). Let x(h) = 11*h - 7. Let l be x(g). What is the greatest common factor of l and 39?
13
Let m(n) = -15*n + 3. Let y be m(-9). Suppose -3*o + 2*z = -2*z - 18, 2*z + 30 = 5*o. What is the highest common divisor of o and y?
6
Let t be 1*135 - (38 + -37). What is the greatest common divisor of t and 737?
67
Let b(z) = -65*z - 18. Let j be b(-2). What is the greatest common factor of 21 and j?
7
Let x(u) = u**2 + 20*u + 2. Let z be x(-20). Suppose -d + 27 = z*d. Calculate the highest common divisor of d and 81.
9
Let i be 2/8 + (-363)/12. Let m = 16 + i. Let o be (-6)/m + 67/7. What is the greatest common factor of o and 80?
10
Let s be ((-60)/8)/((-24)/16). Calculate the greatest common divisor of s and 10.
5
Let v(t) = -2*t - 9. Let n be v(-7). Suppose 0 + 15 = n*o. Suppose o*j + j - 24 = 0. What is the greatest common divisor of 54 and j?
6
Let y = -1341 - -2580. What is the greatest common divisor of 7 and y?
7
Let o(y) = 26*y - 46. Let z be o(3). What is the greatest common divisor of 928 and z?
32
Suppose -5*b + 28 - 233 = -4*l, 0 = 2*l + 2*b - 98. Calculate the highest common factor of l and 850.
50
Let f be 6/(-9)*(-19 + 1). Let s be -1*3*4/f. Let q(w) = -16*w**3 + w**2 + w. Let u be q(s). What is the highest common factor of 112 and u?
16
Let y(u) = 9*u**2 - 24*u - 31 - 10*u**2 + 3. Let t be y(-21). Calculate the highest common factor of 10 and t.
5
Let h = -1601 - -1609. Calculate the highest common divisor of h and 100.
4
Let t(b) = -25*b + 612. Let w be t(24). What is the greatest common factor of w and 69?
3
Let g be (-67)/(-268) + 1*(-3)/(-4). What is the highest common divisor of 37 and g?
1
Let t be (44/(-121))/2 - (-49504)/22. Calculate the highest common factor of t and 50.
50
Let c(y) = 4*y**2 - 3*y - 1. Let j be c(3). Suppose 13*a - 12*a = j. Suppose 5*v - 275 = 50.